 4*a + 13*c - 11*c - 318. Calculate the greatest common divisor of a and 1027.
79
Let m = -17 + 8. Let o be 202/8 - (-1)/(-4). Let j = m + o. Calculate the greatest common factor of 24 and j.
8
Let b = -171 + 243. What is the greatest common divisor of 24 and b?
24
Let i(w) = w**3 + 8*w**2 - 1. Let n be i(-8). Let s be 1*(-4)/n - -46. Calculate the greatest common factor of s and 5.
5
Let f = -114 + 162. Suppose -1 = 2*b - 19. Let l be (12/b)/(4/18). What is the highest common factor of f and l?
6
Suppose 3*o = 20*f - 17*f + 9, 3*f = -3*o + 45. Let v be 52/2 + 2/2. Calculate the greatest common divisor of o and v.
9
Let c = 73 + -59. Calculate the highest common divisor of c and 126.
14
Suppose -125 = 4*x - 521. Let w = -83 + x. What is the greatest common divisor of 40 and w?
8
Suppose -2*s = -3*s - s. Suppose s = -x + 8 + 2. What is the greatest common factor of 110 and x?
10
Suppose 59 = 6*l - 91. Calculate the highest common factor of l and 275.
25
Suppose -g = 5, -6*s - 4*g - 8 = -2*s. Suppose s*j - 2*w - 214 = 0, -361 = -5*j - 8*w + 7*w. Calculate the highest common factor of 8 and j.
8
Let g = -665 + 673. Calculate the highest common divisor of g and 128.
8
Let y(s) = 7*s**3 + 3*s**2 + 2*s - 1. Let c be y(3). Let v(b) = 149*b + 7765. Let j be v(-52). Calculate the greatest common factor of j and c.
17
Let n be 1/((-1)/((-304)/(-4))). Let j = n - -171. Calculate the greatest common divisor of 19 and j.
19
Let t = -247 + 1117. What is the highest common factor of t and 10?
10
Suppose z - 56 = -3*z. Let x be -7*(-3 - (-38)/z). Calculate the highest common factor of x and 3.
1
Suppose 37*h + 6*h = 3612. Calculate the highest common factor of 448 and h.
28
Let v(c) = -2*c**3 - 39*c**2 - 19*c + 80. Let k be v(-19). Calculate the highest common divisor of k and 10.
10
Let j = 4 - -76. Suppose -7*w = -2*w - j. Let v be (-2)/8 - (-516)/w. What is the greatest common divisor of v and 16?
16
Let u(d) = 5*d**2 + 6*d - 86. Let h be u(-19). Calculate the greatest common divisor of h and 15.
15
Let h = -38 + 41. Suppose -b + 4 = -h. What is the highest common factor of 49 and b?
7
Let s be 7/((-112)/(-60)) + 1/4. Suppose 0*o - 3*g = s*o - 58, -5*g + 23 = o. Calculate the highest common divisor of o and 39.
13
Suppose -2 = -2*b + b. Suppose 0 = -2*v - b*v. Let q be (v/(-2))/2 - -30. What is the greatest common divisor of 75 and q?
15
Let k = 57 + -48. Let n(s) = 22*s - 2. Let i be n(2). Let d = -24 + i. What is the greatest common factor of d and k?
9
Suppose -2 = -2*d, 4*s + 3*d - 431 = -0*d. Suppose 5*g = 4*q - s, -38 = -4*q + g + 73. What is the highest common factor of 42 and q?
14
Let t = 282 + -162. Calculate the highest common factor of t and 200.
40
Let d = -30 - -32. Let t(l) = 10*l**2 - 4*l + 3*l**d + 4*l. Let j be t(-1). Calculate the greatest common divisor of j and 52.
13
Let o(a) = -73*a**3 - 3*a**2 + 6*a + 14. Let k be o(-2). Calculate the greatest common divisor of 84 and k.
14
Suppose 3*a + 58 = 4. Let s = 9 - 35. Let c = a - s. Calculate the highest common factor of 2 and c.
2
Let z(k) = 2*k**2 - k - 2. Let l be z(3). Let q = -1118 - -1170. What is the greatest common divisor of l and q?
13
Let a be (2/(-6))/((-4)/48). Suppose 24 = -0*m + a*m. Let s(f) = -f**3 + 7*f**2 - 5*f + 9. Let v be s(m). Calculate the highest common divisor of 120 and v.
15
Let m(k) = -24*k + 4 - k**2 + 18*k + 7. Let q be m(-7). What is the greatest common divisor of q and 6?
2
Let n(v) = -v - 5. Let k be n(-5). Suppose -4*y = -12 - k. Suppose -t - 280 = -2*o + 3, -2*t = -y*o + 426. Calculate the highest common divisor of o and 56.
28
Let t = -133 - -232. Let o(z) = z**3 + 10*z**2 + 6*z - 16. Let d be o(-9). Calculate the highest common divisor of d and t.
11
Let w be (10 + (-156)/9)*-108. What is the greatest common factor of 24 and w?
24
Let w = 7 - 20. Let q be -3*5*(w + 12). Calculate the highest common divisor of 15 and q.
15
Let t = 201 + -197. What is the highest common divisor of 148 and t?
4
Let m(a) = -18*a - 6. Let k be m(6). Let h = 214 + k. What is the greatest common factor of 10 and h?
10
Let i(u) = -2*u**3 + 3*u**2 + 5. Let w be i(-3). Let r = 38 + w. Calculate the greatest common factor of 31 and r.
31
Let y be (1 + 89/4)*48/9. Calculate the greatest common divisor of y and 4.
4
Let y(w) = -w**2 - 10*w - 16. Let c be y(-8). Suppose c = 4*t + 6*t - 800. Calculate the greatest common factor of 40 and t.
40
Let r be -2*1 - (-39 - 2). Let m(g) = g**3 - 2*g**2 - 10*g + 3. Let t be m(-7). Let h be (-36)/126 + t/(-14). What is the highest common factor of r and h?
13
Let t(j) be the first derivative of j**4/4 + 2*j**3 + 3*j**2/2 + 6*j + 12. Let n be t(-5). Calculate the greatest common divisor of n and 112.
16
Suppose 187 = 3*w + 2*p - 0*p, -85 = -w + 5*p. Let j = 19 + -14. Calculate the greatest common divisor of j and w.
5
Let p = 5042 + -5034. Let w = 45 + -21. What is the greatest common factor of w and p?
8
Let r(s) = 6*s**3 - 2*s**2 + 3*s - 1. Let b be r(2). Suppose 3*h = 5*h + 3*n - b, 45 = 3*h - 3*n. What is the greatest common factor of h and 18?
18
Suppose -3*j = -162 + 30. Suppose 0 = -3*n - 0*n. Suppose 10 = 3*m - 4*w - 10, 5*m + 5*w - 10 = n. Calculate the highest common factor of m and j.
4
Let v be 30/(-70) + (-17)/(-7). Let t be (-3 + -1)/v + -3. Let i be (1 - 1) + (25 - t). Calculate the greatest common divisor of i and 12.
6
Let w(q) = -3*q**3 - 17*q**2 - 12*q + 4. Let v be w(-5). Suppose -6*b + 2*b - 248 = 0. Let f = -20 - b. Calculate the highest common factor of v and f.
14
Let h(p) = -p**3 + 12*p**2 + p - 9. Let t be h(7). Calculate the greatest common factor of 135 and t.
27
Suppose 0 = -4*g - g + 15. Let u(b) = 2 + 0 - 1 - 18*b**g + b. Let q be u(-1). What is the highest common divisor of 45 and q?
9
Let c = 21 - -3. Let t be ((-10)/(-20))/(11/66). Calculate the highest common divisor of c and t.
3
Suppose 5*x - 13 = 42. Let f(g) = 2*g**2 - g + 5. Let u = 11 - 7. Let l be f(u). What is the greatest common divisor of x and l?
11
Suppose -2*a + 5*r = -41 + 11, -3*r = 2*a - 14. Calculate the greatest common divisor of a and 110.
10
Let k be 9*1*(-44 + 45). Calculate the highest common divisor of 153 and k.
9
Suppose 688 + 82 = 7*u. Calculate the greatest common factor of 242 and u.
22
Let j be 57*((-300)/36 + 11). Calculate the greatest common factor of 32 and j.
8
Suppose 2*m + 0*m = 38. Suppose -18 + 84 = 6*z. Let l(r) = 18*r + 11. Let o be l(z). Calculate the greatest common factor of m and o.
19
Suppose 28 = 4*w + 5*a - a, 0 = w - a - 5. Suppose g = -3 + w. Calculate the highest common factor of g and 39.
3
Suppose -4*p = 0, p + p - 192 = -3*a. Suppose -2*k + x + x = -16, 0 = -4*k - 2*x + 32. What is the greatest common factor of k and a?
8
Let s = -33 - -37. Calculate the highest common factor of 1 and s.
1
Let b(a) = 7*a**2 + 53*a - 311. Let r be b(8). What is the highest common divisor of 408 and r?
51
Let w = 106 - 64. Suppose i = -t + 21, 2*i + 5*t - t - w = 0. Suppose -6*u = -5*u - 210. What is the highest common divisor of u and i?
21
Let u = 2337 + -1559. Calculate the greatest common factor of 2 and u.
2
Suppose -4*g + 3*a + 171 = 0, 0 = -2*g + 4*a - 3*a + 87. Let n = -44 + g. Calculate the greatest common divisor of n and 4.
1
Let g = 4825 + -2775. What is the highest common divisor of 82 and g?
82
Let w be -2*(-444 - (0 + 2)) + -1. What is the highest common factor of w and 81?
81
Suppose -2*c = 7 - 17. Suppose -c*y = -y - 12. Suppose 2 + 10 = y*g. What is the greatest common factor of g and 36?
4
Suppose i + 5460 = 14*i. What is the highest common factor of i and 180?
60
Let l(j) = -30*j - 38. Let w be l(-4). What is the greatest common factor of w and 123?
41
Suppose -c = -3*k - 63, 0 = 2*k + 10 - 2. Calculate the greatest common divisor of c and 357.
51
Let r = -32 - -18. Suppose -10*x - 1 = 3*g - 15*x, 12 = -3*x. Let s = g - r. What is the greatest common divisor of 49 and s?
7
Let o = 18 - 14. Let f be ((-18)/(o/4))/(-2). Calculate the greatest common factor of f and 99.
9
Let u = -121 - -129. Let c be 9*(u/6)/2*3. Calculate the greatest common divisor of 2 and c.
2
Let z(a) = -a**3 - 10*a**2 + 5*a + 52. Let c be z(-10). What is the highest common factor of c and 62?
2
Suppose 10*d = 13*d. Let x be 75 + 10